0 - (-8 - -1)
4
What is 0 - (4 + 0 - (12 - 8))?
0
What is -5 - 3 - 0 - -15?
7
What is (-13 + 9 - 1) + 4 + 2?
1
What is 31 + -28 + -1 + 0?
2
What is -6 - (0 + -4) - 3?
-5
Evaluate -1 - (-3 - -7 - -2 - 11).
4
Evaluate 9 + -7 + -5 - (1 + 1).
-5
-12 - -16 - (1 - 1 - 4)
8
Evaluate -2 + (0 - 1) + 9.
6
(-7 - -4) + (2 + -1 - 1)
-3
Evaluate 9 + -14 + (1 - -8).
4
What is 8 + -7 - (-6 + (1 - -1))?
5
0 + (-7 - -16) + -2
7
Calculate 70 + -55 - (0 - -12).
3
(7 - 9) + (1 - (1 + 0))
-2
What is -5 + -5 - -5 - -8?
3
What is 3 + 6 + -6 + -6?
-3
Calculate (-12 - (0 + -4) - -5) + -2.
-5
What is the value of (15 - 3 - 7) + (-1 - -2)?
6
Evaluate (-5 - -2) + 6 - 5.
-2
Calculate -1 - 2 - ((2 - 1) + -1).
-3
Calculate -7 + -1 - (-22 - -9).
5
Evaluate -3 + 8 - (0 + 9 + -9).
5
Evaluate 3 + 0 - (9 + (13 - 22)).
3
What is -7 - 3 - (-7 - 4)?
1
What is the value of (-1 - -7) + -2 - (11 - 8)?
1
Evaluate -3 - -7 - 3 - -3.
4
Calculate (1 - 3) + 2 + -18 + 15.
-3
Evaluate 0 + (2 - (3 - 0)) + -1.
-2
Evaluate 8 - (10 + -2 + -2).
2
Calculate (8 - 3) + 3 - 3.
5
Calculate 10 - (3 - (-5 + 3 + -3)).
2
3 - (-4 + 4 + -2)
5
5 - (-4 - (-5 + 2))
6
What is the value of -1 - (1 - (-3 + 8))?
3
Evaluate -8 - (-5 + -2 - -4).
-5
(16 - 3 - 3) + (1 - 9)
2
Calculate -6 - 2 - -9 - -5.
6
(-10 - -7) + -2 - (-4 + -2)
1
Evaluate 5 + (4 + -15 - -7) + 5.
6
Calculate -6 + (1 - (2 + -2)).
-5
-11 - (8 + (-7 - -1) + -11)
-2
0 + 1 - 7 - (279 - 284)
-1
Calculate (-4 - -4) + 2 + -3.
-1
0 - (-1 + 0 + -3)
4
-15 - ((17 - 9) + -14)
-9
Calculate -7 - (-2 + -1 + 5 + -4).
-5
Calculate -6 + 0 + (1 - -3) - -8.
6
Evaluate 1 + 5 + (-17 - -15) - 6.
-2
Evaluate 6 + 1 - (3 + 6).
-2
Evaluate 7 + (-1 - (7 + -3)).
2
Calculate (2 - (-5 + 3)) + (-12 - -11).
3
-3 + -1 + 3 - (-7 - -11)
-5
-3 + 27 - 8 - 12
4
Calculate (1 - 3) + 4 + -3.
-1
Calculate -6 - (-10 - -4 - 4).
4
Evaluate 3 - -1 - (1 + 5).
-2
Evaluate 25 + -30 - (-1 + -1 - 3).
0
13 + -22 + 0 + -2 + 0
-11
What is the value of -2 + 1 + (5 - (-4 - -3))?
5
Calculate 1 - (0 - -1) - (1 + 4).
-5
(0 - -14) + -52 + 42
4
What is -8 - 1 - -8 - -5?
4
Evaluate -14 + (3 - ((8 - 0) + -12)).
-7
What is the value of (1 - 2) + 3 + -1 + 2?
3
7 + (-1 - 1 - 0)
5
What is (5 - 11 - -8) + (-4 - 1)?
-3
What is (17 - 5) + 1 - 11?
2
Calculate 4 + -3 + 2 - 0 - -1.
4
Evaluate -2 + -8 - (-22 + 19).
-7
(19 - 20) + (0 - 2) + -1
-4
What is (-2 - 5 - -3) + -3 + 1?
-6
Calculate 3 - (-1 + (-3 - 0)).
7
(-2 + 6 - 5) + -1
-2
What is the value of 4 + 1 + -6 + -28 + 22?
-7
Calculate 12 + -7 + 1 + -1 + 0.
5
What is the value of -3 + 0 - 0 - (-3 + -2)?
2
Calculate -6 - (-2 - (-3 + 13)).
6
Evaluate (0 - -3) + 3 + 1.
7
What is the value of 2 + (2 + (1 - 3) - -2)?
4
What is the value of 8 - (-6 - -15 - 6)?
5
0 - (1 + (-2 + 3 - 2))
0
What is the value of -16 - -14 - (-1 + 0)?
-1
What is the value of (-4 - (1 + -5)) + -1?
-1
Evaluate -9 - (0 - (-8 + 8)).
-9
What is 5 + 1 + -12 - -8?
2
-11 - (-2 + (-6 - (-1 - 2)))
-6
Evaluate -1 - (-9 + 3) - 2.
3
3 - (9 + (2 - 7))
-1
10 + 1 + (-3 - 11)
-3
What is the value of (-14 - -12) + (-1 - 0) + -3?
-6
What is 3 + (3 - (-1 + 5)) + -1?
1
What is (-5 - (-30 + 11)) + -8?
6
What is 9 - (-1 + -3 + 10)?
3
What is -4 - -2 - (-1 - 0 - 2)?
1
-12 + (2 + -9 - -12)
-7
Evaluate -8 + 4 - (4 + 0 + -4).
-4
What is (-1 - -4) + 2 + 7 + -9?
3
What is (2 - 1) + 1 + -1 + -1?
0
What is the value of -1 + -1 - (2 + 1 + -1)?
-4
-6 + (6 - (0 - 5))
5
What is the value of (2 - 0 - 4) + -7 + 14?
5
What is the value of 0 + 1 + -2 + 4?
3
Evaluate 7 + (13 - 14) + -2 + -1.
3
Evaluate (-3 - -1) + 6 - 0.
4
What is -4 + -1 + (-1 - -2) - -3?
-1
Evaluate 8 + -1 + -6 + 12 + -9.
4
What is the value of 1 + -1 + (-1 - -7) + -6?
0
(-4 - 0) + -1 - (25 - 29)
-1
Evaluate -5 + (-1 - -7 - (1 + -1)).
1
What is 1 - (-2 - 3) - (11 + -1)?
-4
Evaluate -4 + 3 + 1 + -10 + 5.
-5
What is -1 + -7 + (11 + 6 - 13)?
-4
Calculate (5 - -1) + 5 + (-7 - -1).
5
Evaluate -13 - (1 + -29 - -8).
7
6 - (5 - (7 + -2))
6
Evaluate -19 + 20 - (-1 - 6).
8
What is 2 + 4 + (-3 - -1 - 5)?
-1
12 - (-2 - (-7 - 1))
6
Evaluate -1 + 6 + (-1 - 7) + 5.
2
-7 - (-2 - 5 - -4)
-4
-1 + 3 - (-2 + 1 + -2)
5
What is 3 + (-6 - (-2 - 3))?
2
What is 489 + -484 - (-1 + 1 - 0)?
5
4 + 2 + (5 - 5) - 8
-2
-9 - (-3 + 2 + -5)
-3
What is -7 + 11 - (0 - 0)?
4
What is the value of -3 + (4 - (3 - (1 + 0)))?
-1
Evaluate 3 - 1 - 3 - (-1 - 0).
0
Evaluate 3 + -1 + -2 + -4.
-4
Evaluate (-8 - -8) + 8 + -11.
-3
(-2 - -1) + -12 + 12
-1
What is the value of 7 - (-2 + (-1 - -5) + 1)?
4
Calculate -3 + (-13 - -4) + 14.
2
What is 17 + -20 - (2 - (-1 + 6))?
0
Calculate 2 - (3 + -3) - 0.
2
What is the value of 6 + -3 + (-3 - -3)?
3
Calculate 4 - (-4 + 9) - 1.
-2
Evaluate -3 + (0 - 3) + -2 + 5.
-3
Evaluate (0 - 4) + -14 + -1 + 18.
-1
Calculate -9 - -1 - -4 - -5.
1
What is -3 + 0 + 10 - 1?
6
What is -32 + 35 - (1 - -4)?
-2
What is the value of (1 - 2) + (12 - (-9 - -26))?
-6
Calculate 3 + -7 + 0 + 5 + -1.
0
What is the value of (1 - (-3 + -4)) + -15?
-7
What is the value of -9 + (7 - (4 - 0))?
-6
Calculate 8 + -13 + 5 - (8 - 1).
-7
What is 1 + 0 - 5 - (8 + -11)?
-1
What is 44 - 45 - (0 - -3)?
-4
Evaluate (2 - (-8 + 4)) + -13.
-7
Evaluate (-2 - -8) + -8 + (1 - 4).
-5
What is the value of -1 + -3 + (-9 - -8)?
-5
What is (6 - 1) + 1 + -5?
1
Calculate -1 - 4 - (83 + -83).
-5
Evaluate 0 + (-7 - 1) + -121 + 125.
-4
Calculate -4 - (-1 - (4 - (4 - 0))).
-3
Evaluate -1 + 3 + 3 - 5.
0
What is (1 - -1) + -1 - (6 + 0)?
-5
What is the value of -4 + 2 - (-6 + 2)?
2
(7 - 14) + 4 - -3
0
Calculate -27 - -29 - (-1 + 8).
-5
9 + (-8 - (-18 - -8)) - 6
5
Evaluate 1 + (-8 - -12 - (3 + -1)).
3
What is 1 - (10 + -5) - -2?
-2
Evaluate -4 - (-7 - 2) - 9.
-4
What is the value of (-3 - -8 - -1) + (-3 - 1)?
2
0 - (2 - (0 - -6))
4
What is the value of -1 - (-2 + 10) - -7?
-2
1 + (-1 - -4) - (-10 - -10)
4
What is the value of -11 + 7 + (2 - 3) + 2?
-3
What is the value of (9 + -1 - 21) + 23?
10
Evaluate -1 + 6 - ((7 - 3) + 7).
-6
Evaluate (5 + 1 - 1) + -1.
4
What is (0 - 2) + (10 - 6)?
2
Calculate -1 + 0 - (9 - (17 - 7)).
0
6 + -9 + -4 + 5
-2
Calculate 2 + -8 + 5 + 0.
-1
What is (-1 - (1 + -5)) + 4?
7
Calculate 12 + (1 - -4 - 10) + 0.
7
What is 13 - (2 - (6 - 12))?
5
-3 + 3 + (-8 - -5) + 2
-1
-5 + (0 + -1 - 2 - -4)
-4
10 + 2 - 10 - 4
-2
5 + (7 - (10 - 5)) + -2
5
What is 0 - 3 - (-10 - -2 - -4)?
1
What is -6 - (-3 - (-6 + 0))?
-9
103 - 115 - (1 - 10)
-3
(-1 - (-7 - -3)) + -7 + 5
1
What is the value of -4 - (2 + 2 + -1 - 4)?
-3
7 - ((-20 - -10) + 16)
1
Evaluate -5 + (1 - ((-2 - 1) + -1)).
0
Evaluate -2 + -2 + (3 - 0).
-1
What is the value of 1 - ((0 - -1) + (5 - 0))?
-5
What is -10 - (10 + -20) - -2?
2
Calculate 0 + 3 - (1 + 1 - 0).
1
Evaluate 8 - (0 - ((-7 - -5) + 4)).
10
Calculate -5 + (-5 - -8 - 2).
-4
6 - (4 + -1 + (26 - 29))
6
Evaluate -9 + (-5 - -16) - -5.
7
What is the value of (5 - 9) + (-2 - -3)?
-3
What is the value of 0 - 9 - (72 + -76)?
-5
(5 - 1) + (-6 - (-5 + 0))
3
Evaluate -1 + -3 + (8 - 5).
-1
What is the value of 2 - 5 - (-8 - -9)?
-4
Evaluate (3 - (-1 + 2) - 4) + -1.
-3
Calculate (5 - 0) + -1 - (16 - 13).
1
Evaluate 6 + -1 - (-14 + 14).
5
(-16 - (1 - (-4 + 10))) + 0
-11
5 - (7 - (5 + -1))
2
-3 + 5 + -5 + 2
-1
What is the value of (31 - 34) + 11 + 1 + -4?
5
Calculate 0 + (-1 - 0) + (1 - -4).
4
3 - (-1 + 1 + 4)
-1
What is (-3 - -14) + -9 - 9?
-7
What is -8 - (-4 + -4 - -1 - -3)?
-4
12 - (3 + -1 + 3 - -1)
6
Evaluate (-200 - -194) + (2 - (2 - 2)).
-4
What is 24 - 28 - (-5 + -2)?
3
What is -5 + 1 + (2 - 1)?
-3
What is -1 - (6 + 7 + -12)?
-2
Calculate -2 + (-1 - -1 - (4 + -8)).
2
What is 3 - (-3 - -4) - 5?
-3
What is 2 + (5 - (-2 - -7))?
2
-4 + (1 - (1 - 0 - 4))
0
Evaluate 19 + -7 + -9 + 2.
5
Calculate (-3 + -12 - -4) + 6 + 3.
-2
Calculate -10 - -10 - (0 + 5).
-5
Calculate 13 + -13 - (3 + (-1 - 1)).
-1
Evaluate 6 - (2 + -1) - (260 + -259).
4
Calculate (6 - 2) + (-3 - (1 + 1)).
-1
Calculate -4 + (2 - (0 + 0)).
-2
What is the value of (7 - 0) + (7 - 10)?
4
(-2 + 4 - 2) + -2
-2
What is -3 + -1 - (11 + -22 - -7)?
0
Evaluate (1 - (2 + 0)) + 6.
5
0 + (0 - 2) + 2 + -4
-4
Evaluate (4 - 2) + 4 + -2.
4
Calculate (3 - 3) + 5 + -10 + 8.
3
-1 + 2 + -5 + (0 - -2)
-2
What is the value of -33 + 42 - (6 - 1 - -2)?
2
Evaluate 4 + 2 - (-13 + 19).
0
What is the value of (7 - 11) + -4 + 6?
-2
-3 + (0 + 3 - -1 - -2)
3
Evaluate -4 + 1 + 0 + (5 - 2).
